 + -55 - -5 - -26.
-2
Calculate 6 + 10 + 5 + (30 - 41).
10
What is the value of 5 + (-128 - -79 - -30)?
-14
What is the value of (-27 - (-21 + -11 + 22)) + -51?
-68
What is the value of 2 + 64 + (-1 - (35 + -53 + 14))?
69
Calculate 74 + -2 - (-2 - ((-4 - (-20 - -17)) + 3)).
76
Evaluate (19 - (-13 + 12 + 14) - 27) + 6.
-15
90 - ((43 + -63 - (-44 - -6)) + -15)
87
What is -39 + (-18 - -49) + -59 + -2 + (-5 - 2)?
-76
Calculate 53 - (1 + -13 + 6 - ((4 - -2) + -13)).
52
What is the value of 93 + (-78 - -4) + (6 - 91)?
-66
Calculate (-6738 - -6738) + (1 + 1 - 6).
-4
-4 + (4 - 5) - 7 - (-21 - 8)
17
Calculate 33 - ((-6 - (-3 + -13 + 11)) + (9 - -1)).
24
What is the value of 29 - (22 - 29 - -41)?
-5
Calculate (-33 - 7) + -150 + 201.
11
What is -4 + (2 - -1 - (-2 + 18 + -8))?
-9
Evaluate -75 + (92 - (-9 + 40)).
-14
Calculate 19 - ((33 - 65) + 37).
14
Evaluate 15 + (56 - (73 + -66)).
64
Calculate -32 + -17 + 44 + 0 + 36 + 4.
35
Calculate 50 - (-68 - (-92 + 42) - (0 + -15)).
53
Calculate 22 + 0 + 2 - (-3758 + 3783).
-1
What is the value of 7 + (10 + -1 + 4 - ((104 - 18) + 10))?
-76
Calculate (9 + 3 - -2 - (742 - 715)) + (-3 - -4).
-12
Evaluate 1 + -5 + 48 - 129.
-85
Evaluate (-1770 - -1785) + (-9 - (5 - 4)).
5
What is the value of -1 - 35 - (27 + 22 - 36)?
-49
Evaluate (3 + 10 - (-166 + 218)) + 18 + 1.
-20
What is the value of -2 + 3 + (-15 - -2) + (18 - (0 + -23))?
29
(61 - (-69 - -121)) + 1 + -45
-35
What is (1 - (22 - (17 - 9))) + 88 - -15?
90
What is 12 + (0 - ((10 - 15 - 0) + 11))?
6
What is (16 - 78) + (-197 - -255)?
-4
-28 + 32 + (0 - 4) + -64 - 5
-69
What is the value of (-44 - -142) + -118 + (70 - 0)?
50
What is -95 - (55 + -134 + 23)?
-39
Calculate (0 - -5) + (58 - 43) + 7.
27
(7 - -26) + -35 + -10 + -28
-40
Calculate 684 + -686 + 11 + -7 + -107.
-105
What is -4 + (-32 - -17 - (4 + -6 + -1 + 4))?
-20
(8 - -12 - 12) + (51 - 70)
-11
(-14 - -15) + -54 + 51
-2
What is 51 - 37 - ((3 - -18) + 0)?
-7
What is (3 - -118) + (-3139 - -2917)?
-101
-1 + 9 - (-59 - (37 + -110))
-6
What is 26 - 16 - (18 + -60 + 74)?
-22
What is the value of 19 + 2 + -2 + -70 + 16?
-35
Calculate -3 + 86 + 30 - 18.
95
Evaluate 83 + (28 - 188) + 154.
77
Calculate 18 - (-24 - -1 - (536 + -575)).
2
Calculate -5 + 3 + 19 + (-44 - -20).
-7
Evaluate 82 - 103 - (-88 - -42).
25
What is the value of -128 - (-49 + -14) - -11?
-54
Evaluate -114 + (29 - -203) + -154.
-36
Calculate (84 - 113) + 33 - (3 - 0 - 49).
50
What is the value of -7 + -14 + 17 + (2 - 2) + 5 + 112?
113
What is the value of (39 - (6 - -28) - (-3 - -11)) + 1?
-2
50 + 114 + -168 - (0 - 46)
42
Calculate -47 - (431 + -454 + 23 + 2).
-49
What is the value of 2 - 1 - 87 - 4 - (-80 - (-75 + 0))?
-85
Calculate 42 + -104 + -76 + 137.
-1
What is -3 + (-3 - -4 - 6 - -9) + (-12 - -59)?
48
3 + 97 - (-8 + 53 + -21) - 0
76
What is -238 + 81 + 14 + 20 + -2?
-125
106 - 172 - (41 + -81)
-26
Calculate 4 + -9 + 4 + -51 + -1 + (96 - 90).
-47
Calculate 3 + 22 + (-5 - (19 - 2 - 30)).
33
What is the value of 17 - (68 + -17 + 1) - -13?
-22
What is 85 + (-102 - -55) + 9?
47
29 + -68 + (-7 - -2)
-44
Evaluate 45 - (-77 + 123 - (54 - -8)).
61
(-15 + 1 - (11 - (23 + -10 - 1))) + -64
-77
Evaluate -10 + 96 + (-8 + 1 - (-4 + 11)).
72
Calculate 1 - 31 - (7 - (-11 + (18 - -2))).
-28
Evaluate 9 + 0 + -1 + 238 + -223 + 5.
28
What is -47 - ((-8 - -13 - 3) + 3 + -2 + -6)?
-44
-2 - (-45 + 51 + (-11 - (0 - 6))) - 76
-79
What is -12 + (-7 - (-23 - -6 - -5)) - 13?
-20
Calculate (35 - -5) + (33 - 1) + -64.
8
Calculate -16 + 13 - ((-3 - (-73 + -6)) + (-4 - 1)).
-74
Evaluate (-16 - 2 - -21) + (4 - (-3 - 56) - -2).
68
What is 57 + 39 + (-13 - -20)?
103
What is the value of -21 - (17 + -93 + 18 + -22)?
59
What is the value of 23 - (5 - (14 - -1 - (161 - 153)))?
25
What is the value of -53 + (89 - (-39 + 55))?
20
What is the value of 8 + 0 - (18 - (44 + -143 + 26))?
-83
What is the value of -9 + (-19 - 50) + 47 + 163?
132
Evaluate -3 - 0 - (45 + -48) - (-1 + -41).
42
Calculate 713 + -745 - (-10 + -110).
88
What is (0 + (0 - 2) - (49 + -60 + 9)) + 31?
31
What is the value of -14 + -15 + 63 + 11 + (-1 - 7) + 0?
37
What is the value of -2451 - -2420 - (-18 - -1)?
-14
What is the value of -9 + -4 + 37 - 49 - (-12 + (0 - -2))?
-15
Calculate (-43 - 8) + (230 - 197).
-18
What is -150 - (87 + 20 + -106)?
-151
What is the value of 91 - (65 + -24 + 9)?
41
Calculate 2 + 6 + (33 - -7 - 60) + 48.
36
What is 14 + 0 + -1 + (-664 - -559 - (20 + 6))?
-118
Calculate -16 - 27 - (1 + 10) - (13 + (-5 - 17)).
-45
-6 + 74 + -7 + (-20 - -12 - 1)
52
-255 + 170 + (-2 - -47)
-40
What is the value of (-2 + 5 - -54) + (-4 - 2 - (-28 - -30))?
49
Calculate -13 + (-63 - (-25 - (-61 - -17))).
-95
Evaluate (-6 - ((6 - 13) + -13)) + -16.
-2
Calculate -29 - (70 + -17 + -103).
21
What is 0 + 2 - (2 + (5 - 20 - (-9 + 1)))?
7
-28 + 14 + (-1 - -19)
4
Evaluate (5 - 37 - (-6 - 8)) + 19.
1
Calculate -7 + -7 - (-448 + 532).
-98
What is -21 + -63 + 25 + 55 + -72?
-76
-2 + 2 - (6 + (13 - 8)) - 26
-37
Calculate (53 - 59 - -36) + -106.
-76
Calculate 0 + 36 + -7 + -8 + 39 + -14.
46
Evaluate (-6 - (0 - 4)) + (-9 - -17) + 12 + -38.
-20
Evaluate 6 + (-8 - (-4 - 1)) + -15 + (22 - 13).
-3
What is the value of 2 - -89 - (196 - 95)?
-10
Evaluate (-16 - 0) + (-124 - -119) - (-3 - -4).
-22
(-2 - (0 + 3)) + -68 + 62
-11
What is the value of -27 + 16 + 60 + (6 - 1 - 20)?
34
-16 + (6 - 36) + 18 - -22 - (-75 - 0)
69
Calculate 82 + (7 - 40) + -27.
22
What is -1 + -1 + 32 + (24 + -18 - 16)?
20
What is (-5 - (-12 - (5 - (-5 + -2)))) + 7 + -8?
18
Calculate 7 + -32 + (10 - 2 - -2 - (136 + -121)).
-30
(57 - 0) + -12 + -13 + -21 + (70 - 17)
64
What is the value of -71 + -35 + 98 + (-1 - -59 - 1)?
49
What is -39 + -49 + (36 + 83 - -39)?
70
What is 53 - 23 - -4 - 142?
-108
Evaluate -116 - (31 - 30 - 10) - -3.
-104
Calculate 45 + -12 + -24 - 37.
-28
-2 - ((-6 - -8) + 4 + 53)
-61
Evaluate (15 - 8) + -51 + 77.
33
11 - ((1 - 8) + (15 - 24 - -23))
4
Calculate 23 + (-96 - -72) + (-2 - -32).
29
What is 79 + -169 + 82 + -34?
-42
Evaluate 4 + (-33 - (-102 - -21)) + 43.
95
Calculate -11 - (5 - (51 - -8)).
43
What is the value of 19 - (-10 - -11 - -6) - -14?
26
What is the value of 14 - ((27 - 5) + -110 + 87 + (0 - 11))?
26
Calculate -7 + (-16 - -2 - (472 - 505)).
12
11 + -1 + (-14 - (4 - 3) - (-234 - -212))
17
What is the value of (-180 - -155) + (32 - -15)?
22
Calculate (8 - 10) + 18 + (-11 - 7) - 127.
-129
What is -7 + -35 + 40 + -40?
-42
47 - (56 - 26) - 40
-23
What is the value of -30 + 53 - -8 - -65?
96
Evaluate -1 - 10 - (-204 + 168).
25
What is the value of 5 + -11 + -2 + 5007 + -5004?
-5
What is (-1 - 78) + 40 + 7 + (1 - 2)?
-33
Calculate -67 - ((320 - 337) + (-8 + 3 - -38)).
-83
What is the value of (-51 - ((13 - (-16 + 20)) + -23)) + (1 - 8)?
-44
What is the value of 31 + 25 - 50 - -37?
43
13 - (10 + (11 - 34) + 13 + 9)
4
Calculate -2 + 26 + -11 + -9 + -23.
-19
Evaluate -56 + 59 - -15 - (-29 + -2).
49
-2 + 4 + 2 + (-29 - (-17 - -4) - -59)
47
What is the value of -27 - ((1 + -32 - 118) + 38)?
84
What is the value of 38 - (-23 + 35 + 6) - -76 - 8?
88
Evaluate 10 + 82 + 52 - 62.
82
Evaluate -8434 + 8431 + 1 + 0 + 1.
-1
What is the value of (-15 - -9 - -15) + -7 + 6 + 65?
73
What is the value of 4 + 100 + (-1349 - -1192)?
-53
What is the value of (-19 - (1 + (6 - 13))) + -3 + 57?
41
What is the value of (-2 - 34) + (6057 - 6022)?
-1
What is -6 + (-3 - (-6 - -6) - 7 - (-20 - -18))?
-14
Evaluate -65 + (104 + 50 - 122).
-33
What is -10 + 11 + (-40 - -26) - 5?
-18
(-5084 - -5135) + -121 + 1
-69
5 + 10 + (110 - 45)
80
What is the value of -10 + (17 - -1 - -4) + (18 - 14)?
16
What is the value of -1 + 42 - 6 - (83 - 82)?
34
Calculate -23 - -2 - ((-51 - 31) + 80).
-19
What is the value of 5438 - 5601 - (-103 + 2)?
-62
What is the value of -18 + -47 + (-7 - (1 - 23)) - 15?
-65
What is the value of (41 - 5) + -12 + -5 + -3 + 14?
30
What is -6 + 10 + -14 + 2 + (-6 - -55) + 1?
42
What is (-4 - 10 - -4) + -16 + 15?
-11
What is the value of (4 - 9) + 10 + 1 + 36?
42
Calculate -30 + 115 + 66 - 43.
108
Calculate -5 - 15 - -4 - 12.
-28
19 + (-20 - -1) + (-31 - -14)
-17
Evaluate (0 - 49) + 148 + -109 + -10.
-20
What is (62 - ((-8 - -26) + -5)) + (-7 - (4 + -2))?
40
What is (165 - 85) + -253 + 74?
-99
Calculate (-15 - -8) + -14 - -29 - (10 + 1).
-3
(-40 -